digit of q?
6
Let y(r) = -11*r**3 - 2*r**2 + 1. Let q = 15 + -14. Let c be y(q). What is the tens digit of (9/c)/(2/(-88))?
3
Suppose -18*h = -27*h + 1566. What is the hundreds digit of h?
1
Let o(m) = 29 - 3*m + 7*m + 11*m - m. What is the tens digit of o(5)?
9
Let x(y) = y**2 - 10*y - 62. What is the units digit of x(-8)?
2
Let z(g) = 32*g**3 - g**2 + g. What is the units digit of z(1)?
2
Let o(t) = 85*t + 12. What is the tens digit of o(6)?
2
Let o(u) = -766*u + 395. What is the units digit of o(-4)?
9
Let o = 18 + -15. Suppose 7*t - 20 = o*t. What is the units digit of t?
5
Suppose 4*t - 19 - 522 = 3*n, 5*n - 650 = -5*t. What is the units digit of t?
3
Suppose -2*g - 57 - 51 = 4*f, 5*f + 255 = -5*g. Let o(a) = -18*a**2 - a. Let j be o(2). Let k = g - j. What is the tens digit of k?
2
Suppose 5*d - 5 = -2*h, h + 28 = 6*h - 3*d. Let l = -1 + 3. Suppose -6*g - l*v = -g - 48, h*g - 51 = v. What is the tens digit of g?
1
Suppose -2*d = -d - 4. Suppose v - 4*w - 11 = 0, -5*w + d - 17 = -v. Let r(s) = 2*s**3 - 3*s**2 + 3*s + 2. What is the units digit of r(v)?
8
Let z(a) = a**3 - 2*a - 1. Let q(j) = j + 3*j**2 + 3 + 0 - 4. Let b be q(1). What is the tens digit of z(b)?
2
Suppose 5*q - 3 - 102 = 0. Suppose 4*v - 61 = -q. What is the tens digit of v?
1
Let a(j) = -j**3 - 15*j**2 - 14*j + 3. Let d be a(-14). Let p(b) = 5 + 2*b - 3 + 2 + d. What is the tens digit of p(12)?
3
What is the units digit of ((-11)/(616/(-546)))/(1/36)?
1
Let k(l) = 28*l + 20. Let i(o) = -9*o - 7. Let t(v) = -10*i(v) - 3*k(v). What is the units digit of t(5)?
0
Let r(a) = 109*a - 3. Suppose -3 = -14*q + 11*q. What is the tens digit of r(q)?
0
Suppose 0 = 11*s - 7*s - 400. Suppose 6*k = 8*k - s. Let q = k + -27. What is the units digit of q?
3
Let m(n) = -2*n**3 - 3*n**2 + 2*n + 78. What is the tens digit of m(0)?
7
Suppose s = 2*p + 18 + 124, -4*s + 558 = 2*p. Suppose 0 = -5*o + o + s. What is the units digit of o?
5
Let r be 1/((12/100)/3). Suppose 3*d - 2*a = -3*a - r, d - 13 = 5*a. What is the tens digit of (-36)/(-63) - 87/d?
1
Suppose y - 4*d - 115 = 259, -5*y = -4*d - 1918. What is the units digit of y?
6
Suppose 46*y = 139614 - 17162. What is the units digit of y?
2
Let j(v) = -v**2 - 7*v - 4. Let n be j(-5). Suppose n*m + 2*z = 3*m + 229, 2*m - 166 = -4*z. Suppose 0 = 5*p - 37 - m. What is the tens digit of p?
2
Let p be 8/(-12) - (-2)/3. Suppose 0 = -5*b + 4*x + 232, p = x + 1 + 2. Suppose h + s - b = 0, 2*s = -3*s. What is the units digit of h?
4
Let o(l) = -l - 2. Let s be o(-5). Let y = 144 + -292. What is the units digit of s/(-6) + y/(-8)?
8
Let v = -23 - -29. Let z = 1 - 1. Suppose z = 3*y - v*y + 9. What is the units digit of y?
3
What is the tens digit of -1 - 1 - (-63 + -168)?
2
Suppose -9*c + c = 0. Suppose -2*w = -5*t + 734, c*t - 3*t + 4*w = -432. Let v = t + -80. What is the tens digit of v?
6
Let l(y) = 5*y - 6. Let q(f) be the third derivative of -f**4/6 - 5*f**3/2 - 7*f**2. Let b be q(-6). What is the units digit of l(b)?
9
Let w(o) = 6*o - 1. Suppose 7*t - 6*t - 5 = 0. Suppose -t*k = v + 2*v - 2, k = -4*v + 14. What is the tens digit of w(v)?
2
Let k = -22 - -25. Suppose -k*v + 70 = 5*b, 2*b + 7*v - 14 = 3*v. What is the units digit of b?
7
Let m(s) = s + 8. Let d be m(-5). Let f(k) = -k**2 + 5 - k - 10*k**2 + 3*k**d + 5*k - 2*k**3. What is the tens digit of f(11)?
4
Suppose 13*o + 9 = 16*o. Suppose -92 = -o*w - 14. What is the units digit of w?
6
Let g(h) = h**3 + h**2 + 1. Let q be g(-2). Let m be (-2)/(-3) - (-2)/q. What is the units digit of 15 - ((m - 0) + -1)?
6
Let z(s) = -s**3 + 7*s**2 - 6*s + 2. Let r be 0 + 0/1 + 6. Let g be z(r). Suppose -p = u + 4*u - 32, 17 = p + g*u. What is the units digit of p?
7
Suppose 560 = -20*i + 27*i. What is the units digit of i?
0
Suppose -s + 1 = -2. Suppose -s*p - 30 = -8*p. Let g = p + 4. What is the tens digit of g?
1
Let r(s) = -s**2 - 12*s + 22. Let q be r(-13). Suppose 427 = q*c - 437. What is the units digit of c?
6
Suppose 4*w + f - 69 = 0, -4*w + 3*w + 33 = -5*f. Suppose -124 = -w*a + 14*a. What is the tens digit of a?
3
Let v be 1/2 - 7/(-2). Suppose -2*w - v*n - n + 3 = 0, 3*w + 5*n = 7. Suppose -w*b - 2*q - q = -17, -2*b + 5*q = -15. What is the units digit of b?
5
Let x(s) = 44*s - 58. Let p be x(-10). Let k = -264 - p. What is the hundreds digit of k?
2
Let c(b) = b**3 - 3*b**2 - 98*b + 27. What is the tens digit of c(14)?
1
Suppose 2*f - 5*a = 20, f + 0*f - 2*a = 8. Suppose 3*v - 123 = -f*v. Let m = v - 21. What is the tens digit of m?
2
Let q = -1076 + 722. Let t be (-9)/12 + q/8. Let d = t + 74. What is the tens digit of d?
2
Let n(c) = 62*c - 674. What is the hundreds digit of n(26)?
9
Let w(a) = 3*a + 4. Suppose 7*c = 4*c + 33. What is the units digit of w(c)?
7
Let l be (24/10 - 0)*-170. Let t = 573 + l. What is the units digit of t?
5
Let j(m) be the first derivative of -m**4/4 + 7*m**3/3 - m**2 + m - 2. Let n(t) = -t**2 - 9*t - 9. Let s be n(-2). What is the units digit of j(s)?
1
Suppose -76*p = -75*p - 1207. What is the tens digit of p?
0
Let j(a) = 14*a - 13. Let v be j(4). Let x = v + -25. What is the units digit of 9/x - (-65)/2?
3
Let i be (1 + -5)*(-10)/(-4). Let h = -2 - 2. Let q = h - i. What is the units digit of q?
6
Suppose -3*d + 0*d + 5*j = -10421, 2*j = 3*d - 10418. What is the thousands digit of d?
3
Let r = 4925 + -3330. What is the tens digit of r?
9
Let g(a) = 24*a + 25. Let z(h) = -6*h - 6. Let i(o) = 2*g(o) + 9*z(o). Let j(r) = -r**2 - 12*r - 7. Let v be j(-12). What is the units digit of i(v)?
8
Let z(m) = 8*m - 7. Let i be z(3). Let o = i - 14. Suppose -2*n - 23 = -o*p, -3*p - 4*n + 26 = -p. What is the units digit of p?
9
Let i = -47 + 38. What is the hundreds digit of 11/(-2)*i*4?
1
Let i = 1661 + -257. What is the tens digit of i?
0
Suppose 5*l + 3*t - 84 = 0, 60 = 2*l + 3*l - 5*t. Let h = l + 32. Let z = -29 + h. What is the units digit of z?
8
Suppose -12*q + 43768 = 4276. What is the thousands digit of q?
3
Let k(r) = -2*r**3 + 5*r**2 - 5*r - 4. Let y be k(3). What is the tens digit of ((-10)/(-3))/(y/(-378))?
4
Suppose -708 + 2264 = 4*c. Suppose -3*s + 61 = -c. Suppose -2*r - 2*d = 2*r - s, d = 5. What is the tens digit of r?
3
Let w = -903 - -3987. What is the hundreds digit of w?
0
Suppose 6 = 2*r + 4*h - 3*h, 5*h - 20 = -5*r. Suppose -8 - 20 = r*x. What is the tens digit of (10 + 1)/(x/(-42))?
3
Let y be 40 + -1 + -1 + -1. Suppose 3*l - 8 - y = 0. Suppose -16*b + 15 = -l*b. What is the units digit of b?
5
Let k(a) = -a**2 - 8. Let u = -1 - 4. Let q be k(u). Let x = 62 + q. What is the units digit of x?
9
Let t be (-8 + 4)/((-1)/2). Suppose -5*o + t = -3*o. What is the units digit of o?
4
Let u(f) = f + 3. Let m be u(-9). Let p be m*(-1)/2 - -6. What is the units digit of p/((-9)/(-3)) - -24?
7
Let w(g) = -204*g**3 + 4*g + 3. What is the tens digit of w(-1)?
0
What is the hundreds digit of 1/(-3) + (-144)/(-27) - -550?
5
Suppose 4*b + 0*b - 2*y - 58 = 0, 0 = 2*b + 4*y - 54. Let z = b - -7. What is the tens digit of z?
2
Let o(k) = k**3 - 12*k**2 - 15*k + 24. Let n be o(13). Let j(w) = 29*w**2 - 3*w - 4. What is the units digit of j(n)?
8
Let q(v) = -171*v + 81. What is the units digit of q(-9)?
0
Let b(l) = -117*l + 54. What is the tens digit of b(-9)?
0
Let q(v) = v**3 + 2*v**2 - 1. Let b be q(1). Let f be b/(1*2/32). Suppose -4*s - f = -8*s. What is the units digit of s?
8
What is the tens digit of 5/(0 + 5) - -403?
0
Let m(h) = 6*h - 10. Let d be m(2). Suppose 4*c + d*t = 42, -3*c + 3*t + 27 = c. What is the units digit of c?
9
Suppose 20*l + 502 - 6902 = 0. What is the hundreds digit of l?
3
Suppose 0 = -3*c + 2*s + 2*s + 2378, 2*c = -5*s + 1616. What is the units digit of c?
8
Let s(j) = j**3 - j**2 - j + 3. Let n be s(0). Suppose -o = g + 3*g - 244, -2*g = n*o - 122. What is the tens digit of g?
6
Let q(i) = 5*i**2 - 5*i - 36. Let l be q(-7). Let k = l - 135. What is the units digit of k?
9
Let g = 13136 + -8409. What is the tens digit of g?
2
Suppose -2*t = -3*t - 4, 30 = 5*k - 5*t. What is the tens digit of ((-38)/(-10))/(k/10)?
1
Let j(w) = 44*w - 36*w + 9 + 56*w. What is the units digit of j(2)?
7
Let h be (0 - 2)/(3/255). Let c = -94 - h. What is the units digit of c?
6
Let k be (-1)/(-4) + (-3)/12. Let m be -17*(0 + -3) - k. What is the 